{"id":1634,"date":"2025-06-18T22:26:59","date_gmt":"2025-06-19T02:26:59","guid":{"rendered":"https:\/\/abpq-club-lecture-1.jolistage.com\/?page_id=1634"},"modified":"2025-09-04T12:42:30","modified_gmt":"2025-09-04T16:42:30","slug":"concours","status":"publish","type":"page","link":"https:\/\/biblioclub.ca\/2025\/concours\/","title":{"rendered":"Concours"},"content":{"rendered":"<div class=\"htb htb-texte-image-accueil    default-margin-top  default-margin-bottom  htb-uid-1  pic_right\" >\n    <div class=\"container-xl\">\n        <div class=\"row\">\n            <div class=\"col-md-6 col-image order-md-2 \">\n                                    <div class=\"img-box\">\n                        <img decoding=\"async\" src=\"https:\/\/biblioclub.ca\/2025\/wp-content\/uploads\/sites\/4\/2025\/03\/spot4-abpq-final-2025-15001px.png\" alt=\"\" class=\"img-fluid\">\n                    <\/div>\n                            <\/div>\n            <div class=\"col-md-6 col-text order-1\">\n                <div class=\"content-box\">\n                    <h2 class=\"title show-as-h1\">BRAVO! <\/h2>                    <p><strong>Vous \u00eates nombreuses et nombreux \u00e0 avoir vot\u00e9 pour le concours de votre livre pr\u00e9f\u00e9r\u00e9!\u00a0<\/strong><\/p>\n<p><strong>Le tirage au sort a eu lieu le 2 septembre 2025.\u00a0<\/strong><\/p>\n<p><strong>F\u00e9licitations \u00e0 celles et ceux qui ont gagn\u00e9 <\/strong><strong>1 carte annuelle de la S\u00e9paq!<\/strong><\/p>\n<ul>\n<li>Laurent C.<\/li>\n<li>Oph\u00e9lie D.<\/li>\n<li>Zack S-P.<\/li>\n<li>Alessandrina D.<\/li>\n<li>Ana\u00efs G.<\/li>\n<li>Hugo T.<\/li>\n<li>Jules L.<\/li>\n<li>Victoire M.<\/li>\n<li>Alana H.S.<\/li>\n<li>Daniel M.<\/li>\n<li>Nolan Erwan C.Y.<\/li>\n<li>Daniella D.<\/li>\n<li>B\u00e9atrice L.<\/li>\n<li>Claude O.<\/li>\n<li>Ashleigh N.<\/li>\n<li>Victoria B.<\/li>\n<li>Estelle M.<\/li>\n<li>Annabelle M.<\/li>\n<li>B\u00e9atrice C.<\/li>\n<li>Vincent S-J.<\/li>\n<\/ul>\n<p><strong>Bravo \u00e0 celles et ceux qui ont gagn\u00e9<\/strong>\u00a0<strong>1 carte cadeau de 50$ pour acheter des livres sur le site <a href=\"https:\/\/www.leslibraires.ca\/theme\/nouveautes\" target=\"_blank\" rel=\"noopener\">Les Libraires<\/a>!<\/strong><\/p>\n<ul>\n<li>Laurence G.<\/li>\n<li>Florence T.<\/li>\n<li>Charles B.<\/li>\n<li>Liam N.<\/li>\n<li>Ana Paula L.H.<\/li>\n<li>Felix T.<\/li>\n<li>Sarah D.<\/li>\n<li>Adaline G.<\/li>\n<li>Elliot D.<\/li>\n<li>Adrien T.L.<\/li>\n<li>Marwa M.<\/li>\n<li>Alexis M.<\/li>\n<li>Salom\u00e9 H.S.<\/li>\n<li>Stella R.<\/li>\n<li>James D.<\/li>\n<li>Delphine C.<\/li>\n<li>Ilynca P.<\/li>\n<li>Louliam G.<\/li>\n<li>Aylene A.<\/li>\n<li>Aur\u00e9lie K.<\/li>\n<\/ul>\n<p><strong>Merci \u00e0 tous les participants et les participantes!<\/strong><\/p>\n                    <div class=\"bts-box\"><\/div>\n                <\/div>\n            <\/div>\n        <\/div>\n    <\/div>\n<\/div>\n\n<div class='htb htb-bootsrap-container bg-color color-none'><div class=\"wp-bootstrap-blocks-container container mb-0\">\n\t\n\n<h2 class=\"wp-block-heading has-large-font-size\"><\/h2>\n\n\n\n<\/div>\n<\/div>\n\n<div class=\"htb htb-texte-image    default-margin-top  default-margin-bottom  htb-uid-2  pic_right\" >\n\t<div class=\"container-xl\">\n\t\t<div class=\"row\">\n\t\t\t<div class=\"col-md-6 col-image order-md-2 \">\n\t\t\t\t\t\t\t<\/div>\n\t\t\t<div class=\"col-md-6 col-text order-1\">\n\t\t\t\t<div class=\"content-box\">\n\t\t\t\t\t<h2 class=\"title show-as-h1\">R\u00e8glement du concours<\/h2>\t\t\t\t\t<p>Du 20 juin \u00e0 08h00 (HAE) au 27 ao\u00fbt 202 \u00e0 23h59 (HAE) (DUREE DU CONCOURS).<br \/>\nOrganis\u00e9 par l\u2019Association des biblioth\u00e8ques publiques du Qu\u00e9bec (ABPQ), en partenariat avec la Soci\u00e9t\u00e9 des \u00e9tablissements de plein air du Qu\u00e9bec (S\u00e9paq).<\/p>\n<p>1.MODALIT\u00c9S DE PARTICIPATION<\/p>\n<p>Aucun achat requis. Le concours est ouvert \u00e0 toutes les r\u00e9sidentes et r\u00e9sidents du Qu\u00e9bec.<br \/>\nMarche \u00e0 suivre\u202f:<\/p>\n<p>a. Remplissez le formulaire en ligne disponible sur le site biblioclub.ca\/2025<\/p>\n<p>b. Indiquez les \u00e9l\u00e9ments obligatoires suivants :<\/p>\n<p>&#8211; nom,<\/p>\n<p>&#8211; pr\u00e9nom,<\/p>\n<p>&#8211; \u00e2ge,<\/p>\n<p>&#8211; ton choix du livre favori de l\u2019\u00e9t\u00e9,<\/p>\n<p>&#8211; l\u2019adresse courriel du parent.<\/p>\n<p>Chaque vote de l\u2019enfant lui donne une chance de gagner avec sa famille un an d\u2019acc\u00e8s dans tous les parcs nationaux S\u00e9paq ou l\u2019une des 20 cartes cadeaux Les Libraires\u00a0 d\u2019une valeur de 50$ pour acheter des livres.<\/p>\n<p>Le Prix BiblioCLUB sera remis \u00e0 l\u2019autrice ou l\u2019auteur du livre favori de l\u2019\u00e9t\u00e9, courant septembre 2025, avec une bourse de 1 500$<\/p>\n<p>Pr\u00e9cautions\u202f:<\/p>\n<p>a. La soumission d\u2019une participation au Concours signifie que vous avez lu les r\u00e8glements et que vous acceptez de vous y conformer.<\/p>\n<p>b. Pour \u00eatre valides, les participations doivent \u00eatre re\u00e7ues au plus tard le 27 ao\u00fbt 2025 \u00e0 23 h 59 (HAE), heure avanc\u00e9e de l\u2019Est. Aucune participation ne sera accept\u00e9e apr\u00e8s l\u2019\u00e9ch\u00e9ance mentionn\u00e9e ci-dessus pour quelque raison que ce soit. Les participations re\u00e7ues apr\u00e8s cette \u00e9ch\u00e9ance seront rejet\u00e9es.<\/p>\n<p>2.CONDITIONS D\u2019ADMISSIBILIT\u00c9<\/p>\n<p>Les participantes et participants doivent r\u00e9sider au Qu\u00e9bec.<\/p>\n<p>Les personnes suivantes ne sont pas admissibles : les membres du personnel de l\u2019ABPQ, de la S\u00e9paq et des biblioth\u00e8ques publiques du Qu\u00e9bec, ainsi que les personnes avec qui elles et ils sont domicili\u00e9s.<\/p>\n<p>Le livre de l\u2019\u00e9t\u00e9 doit \u00eatre un document (album, roman, documentaire, bande-dessin\u00e9e ou manga) dont l\u2019autrice ou l\u2019auteur, l\u2019illustratrice ou l\u2019illustrateur, la traductrice ou le traducteur ou la maison d\u2019\u00e9dition est qu\u00e9b\u00e9coise ou qu\u00e9b\u00e9cois ou issue\/issu d\u2019une des 11 nations autochtones du Qu\u00e9bec.<\/p>\n<p>3.MODE D\u2019ATTRIBUTION DES PRIX<\/p>\n<p>a. Un tirage au sort aura lieu le 2 septembre 2025 \u00e0 l\u2019aide d\u2019un logiciel con\u00e7u \u00e0 cet effet.<\/p>\n<p>b. 20 cartes annuelles de la S\u00e9paq, en format \u00e9lectronique, pour un adulte de plus de 18 ans, seront tir\u00e9es au sort, avec un maximum de deux cartes gagn\u00e9es par foyer o\u00f9 r\u00e9side le ou les enfant(s). Les enfants de moins de 17 ans et moins ont acc\u00e8s gratuitement aux parcs nationaux de la S\u00e9paq.<\/p>\n<p>c. 20 cartes cadeaux d\u2019une valeur unitaire de 50$ pour acheter des livres sur le site https:\/\/www.leslibraires.ca\/<\/p>\n<p>d. Les participantes et les participants d\u00e9sign\u00e9s par le tirage au sort seront d\u00e9clar\u00e9s gagnantes ou gagnants, sous r\u00e9serve de remplir toutes les conditions pr\u00e9vues aux pr\u00e9sents r\u00e8glements.<\/p>\n<p>e. Les parents des gagnantes et gagnants seront contact\u00e9s directement gr\u00e2ce au courriel fournis dans le formulaire.<\/p>\n<p>f. Les parents des gagnantes et gagnants auront 10 jours, \u00e0 compter de l\u2019envoi du courriel par l\u2019ABPQ, pour se manifester par \u00e9crit sur l\u2019acceptation ou le refus du prix. Pass\u00e9 ce d\u00e9lai de 10 jours, la d\u00e9signation sera automatiquement annul\u00e9e et l\u2019ABPQ pourra, par nouveau tirage au sort, d\u00e9signer un autre gagnant ou gagnante, et ce, m\u00eame si le nom de la gagnante ou du gagnant initial a d\u00e9j\u00e0 \u00e9t\u00e9 annonc\u00e9 publiquement.<\/p>\n<p>g. Dans l\u2019\u00e9ventualit\u00e9 o\u00f9 une gagnante ou un gagnant potentiel refusait le prix ou serait d\u00e9clar\u00e9 inadmissible, la d\u00e9signation sera automatiquement annul\u00e9e et l\u2019ABPQ pourra, par nouveau tirage au sort, d\u00e9signer un autre gagnant ou gagnante, et ce, m\u00eame si le nom de la gagnante ou du gagnant initial a d\u00e9j\u00e0 \u00e9t\u00e9 annonc\u00e9 publiquement.<\/p>\n<p>4.DESCRIPTION DES PRIX- 20 cartes annuelles S\u00e9paq, en format \u00e9lectronique, pour un adulte de plus de 18 ans , d\u2019une valeur unitaire de 91 $ , soit 2 cartes annuelles par famille.<\/p>\n<p>Chaque carte offre, pour une p\u00e9riode de 12 mois, un acc\u00e8s illimit\u00e9 aux parcs nationaux g\u00e9r\u00e9s par la S\u00e9paq et de nombreux avantages exclusifs, pour deux adultes et les enfants de 17 ans et moins les accompagnant.<\/p>\n<p>Les enfants de 17 ans et moins doivent d\u00e9tenir une autorisation d&#8217;acc\u00e8s m\u00eame s&#8217;ils sont admis gratuitement dans les parcs nationaux. La carte annuelle d&#8217;un adulte tient lieu d&#8217;autorisation d&#8217;acc\u00e8s pour les enfants qui l&#8217;accompagnent.<\/p>\n<p>La tarification d\u2019acc\u00e8s dans les parcs inclus tous les tarifs de stationnement, \u00e0 l\u2019exception des stationnements des territoires confi\u00e9s \u00e0 un tiers par le ministre des For\u00eats, de la Faune et des Parcs et des stationnements des plages surveill\u00e9es des parcs nationaux de la Yamaska, d&#8217;Oka et du Mont-Orford et du stationnement du parc national de l&#8217;\u00cele-Bonaventure-et-du-Rocher-Perc\u00e9. Tarif applicable seulement les jours o\u00f9 la plage surveill\u00e9e est ouverte.<\/p>\n<p>&#8211; 20 cartes cadeaux en format \u00e9lectronique d\u2019une valeur unitaire de 50$ pour acheter des livres sur le site https:\/\/www.leslibraires.ca\/<\/p>\n<p>5. CONDITIONS G\u00c9N\u00c9RALES<\/p>\n<p>1. Pour \u00eatre d\u00e9clar\u00e9 gagnante ou gagnant, la participante ou le participant d\u00e9sign\u00e9 lors d\u2019un tirage au sort doit remplir toutes les conditions du Concours (voir 3. Mode d\u2019attribution des prix).<\/p>\n<p>2. En participant au Concours, vous :<br \/>\n(a) reconnaissez avoir lu et accept\u00e9 les r\u00e8glements et vous y conformer ;<br \/>\n(b) confirmez satisfaire \u00e0 tous les crit\u00e8res d\u2019admissibilit\u00e9 ;<br \/>\n(c) acceptez tel quel le prix offert ;<br \/>\n(d) consentez \u00e0 ce que le pr\u00e9nom ou le pseudonyme de votre enfant, soient utilis\u00e9s sans compensation par l\u2019ABPQ \u00e0 des fins de promotion et autres fins en lien avec le Concours ;<br \/>\n(e) vos h\u00e9riti\u00e8res et h\u00e9ritiers, vos successeures et successeurs et vos ayants droit d\u00e9gagez l\u2019ABPQ, ainsi que les partenaires prenant part \u00e0 l\u2019organisation du concours, de toute responsabilit\u00e9 \u00e0 l\u2019\u00e9gard de dommages compensatoires, directs, indirects, cons\u00e9cutifs ou autres pouvant d\u00e9couler de votre participation au Concours, de l\u2019utilisation de votre participation et de l\u2019attribution, l\u2019acceptation et l\u2019utilisation du prix d\u00e9cern\u00e9 (si vous l\u2019emportez).<\/p>\n<p>3. Le prix devra \u00eatre accept\u00e9 comme tel et ne pourra \u00eatre ni \u00e9chang\u00e9, ni rembours\u00e9, ni transf\u00e9r\u00e9. Aucune substitution ne sera accord\u00e9e. En cas d\u2019impossibilit\u00e9 de fournir le prix exactement comme il est d\u00e9crit dans le pr\u00e9sent r\u00e8glement, l\u2019ABPQ se r\u00e9serve le droit de lui substituer un prix ou un \u00e9l\u00e9ment d\u2019une valeur \u00e9quivalente, \u00e0 son enti\u00e8re discr\u00e9tion. En aucun cas, l\u2019ABPQ ne sera tenue responsable d\u2019un nombre de prix sup\u00e9rieur \u00e0 celui indiqu\u00e9.<\/p>\n<p>4. Le refus d\u2019accepter le prix ou une partie du prix d\u00e9gage l\u2019ABPQ de toute obligation \u00e0 l\u2019\u00e9gard de la gagnante ou du gagnant concernant le prix ou la partie du prix en cause.<\/p>\n<p>5. En cas de litige ou de plainte concernant le fait qu&#8217;une participation contrevient aux r\u00e8glements du Concours, les participations seront consid\u00e9r\u00e9es comme ayant \u00e9t\u00e9 soumises conform\u00e9ment aux r\u00e8glements par la ou le titulaire autoris\u00e9 du compte de messagerie utilis\u00e9 pour soumettre la participation en cause. Vous pourriez \u00eatre tenu de fournir une preuve (sous une forme acceptable pour l\u2019ABPQ) que vous \u00eates la ou le titulaire autoris\u00e9 du compte utilis\u00e9 pour soumettre la participation en cause et, le cas \u00e9ch\u00e9ant, que vous disposez de tous les consentements, autorisations et\/ou licences n\u00e9cessaires, tel que requis par le pr\u00e9sent r\u00e8glement. Si l\u2019ABPQ d\u00e9termine (\u00e0 son enti\u00e8re discr\u00e9tion) qu&#8217;une participation contrevient aux r\u00e8glements du Concours, celle-ci sera automatiquement disqualifi\u00e9e.<\/p>\n<p>6. Les d\u00e9cisions de l\u2019ABPQ concernant tous les aspects de ce Concours sont finales et ex\u00e9cutoires pour toutes les participantes et tous les participants sans droit d&#8217;appel, y compris, sans limitation, toutes les d\u00e9cisions concernant leur admissibilit\u00e9\/disqualification.<\/p>\n<p>7. L\u2019ABPQ se r\u00e9servent le droit de modifier les r\u00e8glements du Concours ou de mettre fin au Concours en tout temps sans engager sa responsabilit\u00e9 de quelque mani\u00e8re que ce soit \u00e0 l\u2019\u00e9gard d\u2019une participante ou d\u2019un participant. Tous les changements apport\u00e9s aux r\u00e8glements seront publi\u00e9s sur le site Web. Sans limiter ce qui pr\u00e9c\u00e8de, l\u2019ABPQ se r\u00e9serve le droit d&#8217;ajuster, sans pr\u00e9avis, les dates et\/ou les d\u00e9lais mentionn\u00e9(e)s dans les pr\u00e9sents r\u00e8glements, lorsque n\u00e9cessaire, \u00e0 la suite de probl\u00e8mes techniques ou autres, ou \u00e0 la lumi\u00e8re de toute autre circonstance qui, de l&#8217;avis de l\u2019ABPQ, \u00e0 son enti\u00e8re discr\u00e9tion, affecte la bonne administration du Concours telle qu&#8217;elle est envisag\u00e9e dans les pr\u00e9sents r\u00e8glements, ou pour toute autre raison.<\/p>\n<p>8. L\u2019ABPQ d\u00e9cline toute responsabilit\u00e9 pour les pertes, dommages ou pr\u00e9judice corporel de toute sorte, y compris sans toutefois s\u2019y limiter :<br \/>\n(a) la perte, le vol ou la perte d\u2019int\u00e9grit\u00e9 de logiciels ou de donn\u00e9es informatiques ;<br \/>\n(c) l\u2019incapacit\u00e9 de toute personne de participer au Concours pour quelque raison que ce soit, mais sans s\u2019y limiter, des erreurs d\u2019adresses postales ou de messagerie \u00e9lectronique, des d\u00e9faillances informatiques ou tout autre probl\u00e8me de fonctionnement des syst\u00e8mes informatiques en ligne, des serveurs, des fournisseurs d\u2019acc\u00e8s, de l\u2019\u00e9quipement informatique ou des logiciels\u202f; des bogues, des pannes de services, des \u00e9checs ou pertes de transmission d\u2019origine mat\u00e9rielle ou logicielle, des retards de transmission ou les compromissions des donn\u00e9es transmises ; des probl\u00e8mes de congestion sur internet ou un tout autre site Web, ou de toute combinaison des facteurs qui pr\u00e9c\u00e8dent ;<br \/>\n(d) des dommages caus\u00e9s au mat\u00e9riel informatique de toute personne, y compris ceux r\u00e9sultant de l\u2019utilisation ou du t\u00e9l\u00e9chargement de tout contenu li\u00e9 au Concours ;<br \/>\n(e) de tout retard ou de toute incapacit\u00e9 d\u2019agir en raison d\u2019un \u00e9v\u00e9nement ou d\u2019une situation \u00e9chappant \u00e0 leur contr\u00f4le, y compris une gr\u00e8ve, un lock-out ou tout autre conflit de travail \u00e0 leur \u00e9tablissement ou aux \u00e9tablissements des organisations ou entreprises dont les services sont utilis\u00e9s pour la tenue du Concours ;<br \/>\n(f) la perte, le bris ou le mauvais acheminement des prix lors de la livraison ou<br \/>\n(g) la perte, les dommages, les d\u00e9fectuosit\u00e9s ou l\u2019incapacit\u00e9 d\u2019utiliser le prix une fois qu\u2019il a \u00e9t\u00e9 d\u00e9cern\u00e9 \u00e0 la gagnante ou au gagnant pour quelque raison que ce soit.<\/p>\n<p>9. Les m\u00e9dias sociaux ou autres plateformes utilis\u00e9es pour le Concours, ainsi que leurs soci\u00e9t\u00e9s m\u00e8res, soci\u00e9t\u00e9s affili\u00e9es, personnes administratrices, dirigeantes, agentes, consultantes, b\u00e9n\u00e9voles et employ\u00e9es respectives se d\u00e9gagent de toute responsabilit\u00e9 ayant trait aux dommages, dommages compensatoires, directs, indirects, cons\u00e9cutifs ou autres, pouvant \u00eatre caus\u00e9s par la participation au Concours ou le t\u00e9l\u00e9chargement de toute information relative au Concours ou pouvant en d\u00e9couler de quelque fa\u00e7on que ce soit.<\/p>\n<p>10. S\u2019il est d\u00e9termin\u00e9 par l\u2019ABPQ que des personnes alt\u00e8rent ou utilisent \u00e0 mauvais escient tout aspect du Concours, notamment, mais sans s\u2019y limiter, en contrevenant \u00e0 son r\u00e8glement, en agissant de mani\u00e8re \u00e0 nuire au d\u00e9roulement normal du Concours, ces personnes seront disqualifi\u00e9es.<\/p>\n<p>11. Toute tentative de causer intentionnellement des dommages \u00e0 tout site Web ou de nuire au d\u00e9roulement l\u00e9gitime de ce Concours constitue une violation des lois criminelles et civiles. Le cas \u00e9ch\u00e9ant, l\u2019ABPQ se r\u00e9serve le droit de chercher r\u00e9paration par tout moyen l\u00e9gal \u00e0 sa disposition, dont un recours en dommages-int\u00e9r\u00eats, y compris des poursuites criminelles.<\/p>\n<p>12. Les renseignements personnels demand\u00e9s sur le formulaire de participation, tels que le nom et les coordonn\u00e9es, sont recueillis, conserv\u00e9s et utilis\u00e9s par l\u2019ABPQ pour les fins d\u2019administration du Concours et ne seront pas partag\u00e9s\u202f\u00e0 un tiers.\u202fIls seront d\u00e9truits de fa\u00e7on diligente 12 mois apr\u00e8s le tirage au sort.<\/p>\n<p>13. Les pr\u00e9noms ou pseudonymes des enfants gagnants seront partag\u00e9s sur le site Web du BiblioCLUB et sur les m\u00e9dias sociaux du BiblioCLUB et de l\u2019ABPQ. Ils pourront aussi \u00eatre diffus\u00e9es sur les plateformes de la S\u00e9paq et des Libraires.<\/p>\n<p>14. La participation au Concours, de m\u00eame que le consentement des participantes et des participants \u00e0 participer et \u00e0 se conformer aux r\u00e8glements, sont r\u00e9gis par les lois de la province du Qu\u00e9bec et les lois f\u00e9d\u00e9rales du Canada qui s\u2019y appliquent. En soumettant leur formulaire de participation, les participantes et les participants acceptent de se soumettre \u00e0 la comp\u00e9tence exclusive des tribunaux du Qu\u00e9bec.<\/p>\n\t\t\t\t\t<div class=\"bts-box\"><\/div>\n\t\t\t\t<\/div>\n\t\t\t<\/div>\n\t\t<\/div>\n\t<\/div>\n<\/div>","protected":false},"excerpt":{"rendered":"","protected":false},"author":1,"featured_media":0,"parent":0,"menu_order":0,"comment_status":"closed","ping_status":"closed","template":"","meta":{"_acf_changed":false,"footnotes":""},"class_list":["post-1634","page","type-page","status-publish","hentry"],"acf":[],"yoast_head":"<!-- This site is optimized with the Yoast SEO plugin v24.9 - https:\/\/yoast.com\/wordpress\/plugins\/seo\/ -->\n<title>Concours - Archive Biblioclub 2025<\/title>\n<meta name=\"robots\" content=\"index, follow, max-snippet:-1, max-image-preview:large, max-video-preview:-1\" \/>\n<link rel=\"canonical\" href=\"https:\/\/biblioclub.ca\/2025\/concours\/\" \/>\n<meta property=\"og:locale\" content=\"fr_FR\" \/>\n<meta property=\"og:type\" content=\"article\" \/>\n<meta property=\"og:title\" content=\"Concours - Archive Biblioclub 2025\" \/>\n<meta property=\"og:url\" content=\"https:\/\/biblioclub.ca\/2025\/concours\/\" \/>\n<meta property=\"og:site_name\" content=\"Archive Biblioclub 2025\" \/>\n<meta property=\"article:modified_time\" content=\"2025-09-04T16:42:30+00:00\" \/>\n<meta name=\"twitter:card\" content=\"summary_large_image\" \/>\n<script type=\"application\/ld+json\" class=\"yoast-schema-graph\">{\"@context\":\"https:\/\/schema.org\",\"@graph\":[{\"@type\":\"WebPage\",\"@id\":\"https:\/\/biblioclub.ca\/2025\/concours\/\",\"url\":\"https:\/\/biblioclub.ca\/2025\/concours\/\",\"name\":\"Concours - Archive Biblioclub 2025\",\"isPartOf\":{\"@id\":\"https:\/\/biblioclub.ca\/2025\/#website\"},\"datePublished\":\"2025-06-19T02:26:59+00:00\",\"dateModified\":\"2025-09-04T16:42:30+00:00\",\"breadcrumb\":{\"@id\":\"https:\/\/biblioclub.ca\/2025\/concours\/#breadcrumb\"},\"inLanguage\":\"fr-FR\",\"potentialAction\":[{\"@type\":\"ReadAction\",\"target\":[\"https:\/\/biblioclub.ca\/2025\/concours\/\"]}]},{\"@type\":\"BreadcrumbList\",\"@id\":\"https:\/\/biblioclub.ca\/2025\/concours\/#breadcrumb\",\"itemListElement\":[{\"@type\":\"ListItem\",\"position\":1,\"name\":\"Accueil\",\"item\":\"https:\/\/biblioclub.ca\/2025\/\"},{\"@type\":\"ListItem\",\"position\":2,\"name\":\"Concours\"}]},{\"@type\":\"WebSite\",\"@id\":\"https:\/\/biblioclub.ca\/2025\/#website\",\"url\":\"https:\/\/biblioclub.ca\/2025\/\",\"name\":\"Archive Biblioclub 2025\",\"description\":\"Club de lecture d&#039;\u00e9t\u00e9 qu\u00e9b\u00e9cois permettant aux jeunes de 3 \u00e0 12 ans d\u2019apprendre et de d\u00e9velopper le go\u00fbt de la lecture\",\"potentialAction\":[{\"@type\":\"SearchAction\",\"target\":{\"@type\":\"EntryPoint\",\"urlTemplate\":\"https:\/\/biblioclub.ca\/2025\/?s={search_term_string}\"},\"query-input\":{\"@type\":\"PropertyValueSpecification\",\"valueRequired\":true,\"valueName\":\"search_term_string\"}}],\"inLanguage\":\"fr-FR\"}]}<\/script>\n<!-- \/ Yoast SEO plugin. -->","yoast_head_json":{"title":"Concours - Archive Biblioclub 2025","robots":{"index":"index","follow":"follow","max-snippet":"max-snippet:-1","max-image-preview":"max-image-preview:large","max-video-preview":"max-video-preview:-1"},"canonical":"https:\/\/biblioclub.ca\/2025\/concours\/","og_locale":"fr_FR","og_type":"article","og_title":"Concours - Archive Biblioclub 2025","og_url":"https:\/\/biblioclub.ca\/2025\/concours\/","og_site_name":"Archive Biblioclub 2025","article_modified_time":"2025-09-04T16:42:30+00:00","twitter_card":"summary_large_image","schema":{"@context":"https:\/\/schema.org","@graph":[{"@type":"WebPage","@id":"https:\/\/biblioclub.ca\/2025\/concours\/","url":"https:\/\/biblioclub.ca\/2025\/concours\/","name":"Concours - Archive Biblioclub 2025","isPartOf":{"@id":"https:\/\/biblioclub.ca\/2025\/#website"},"datePublished":"2025-06-19T02:26:59+00:00","dateModified":"2025-09-04T16:42:30+00:00","breadcrumb":{"@id":"https:\/\/biblioclub.ca\/2025\/concours\/#breadcrumb"},"inLanguage":"fr-FR","potentialAction":[{"@type":"ReadAction","target":["https:\/\/biblioclub.ca\/2025\/concours\/"]}]},{"@type":"BreadcrumbList","@id":"https:\/\/biblioclub.ca\/2025\/concours\/#breadcrumb","itemListElement":[{"@type":"ListItem","position":1,"name":"Accueil","item":"https:\/\/biblioclub.ca\/2025\/"},{"@type":"ListItem","position":2,"name":"Concours"}]},{"@type":"WebSite","@id":"https:\/\/biblioclub.ca\/2025\/#website","url":"https:\/\/biblioclub.ca\/2025\/","name":"Archive Biblioclub 2025","description":"Club de lecture d&#039;\u00e9t\u00e9 qu\u00e9b\u00e9cois permettant aux jeunes de 3 \u00e0 12 ans d\u2019apprendre et de d\u00e9velopper le go\u00fbt de la lecture","potentialAction":[{"@type":"SearchAction","target":{"@type":"EntryPoint","urlTemplate":"https:\/\/biblioclub.ca\/2025\/?s={search_term_string}"},"query-input":{"@type":"PropertyValueSpecification","valueRequired":true,"valueName":"search_term_string"}}],"inLanguage":"fr-FR"}]}},"_links":{"self":[{"href":"https:\/\/biblioclub.ca\/2025\/wp-json\/wp\/v2\/pages\/1634","targetHints":{"allow":["GET"]}}],"collection":[{"href":"https:\/\/biblioclub.ca\/2025\/wp-json\/wp\/v2\/pages"}],"about":[{"href":"https:\/\/biblioclub.ca\/2025\/wp-json\/wp\/v2\/types\/page"}],"author":[{"embeddable":true,"href":"https:\/\/biblioclub.ca\/2025\/wp-json\/wp\/v2\/users\/1"}],"replies":[{"embeddable":true,"href":"https:\/\/biblioclub.ca\/2025\/wp-json\/wp\/v2\/comments?post=1634"}],"version-history":[{"count":22,"href":"https:\/\/biblioclub.ca\/2025\/wp-json\/wp\/v2\/pages\/1634\/revisions"}],"predecessor-version":[{"id":3237,"href":"https:\/\/biblioclub.ca\/2025\/wp-json\/wp\/v2\/pages\/1634\/revisions\/3237"}],"wp:attachment":[{"href":"https:\/\/biblioclub.ca\/2025\/wp-json\/wp\/v2\/media?parent=1634"}],"curies":[{"name":"wp","href":"https:\/\/api.w.org\/{rel}","templated":true}]}}